{"id":29,"date":"2022-02-23T13:53:58","date_gmt":"2022-02-23T12:53:58","guid":{"rendered":"https:\/\/privat-dolina.sk\/index.php\/page\/"},"modified":"2025-10-24T07:40:04","modified_gmt":"2025-10-24T05:40:04","slug":"page","status":"publish","type":"page","link":"https:\/\/privat-dolina.sk\/index.php\/page\/","title":{"rendered":"Cenn\u00edk"},"content":{"rendered":"\n<div class=\"wp-block-group\"><div class=\"wp-block-group__inner-container is-layout-flow wp-block-group-is-layout-flow\">\n<div class=\"wp-block-columns is-layout-flex wp-container-core-columns-is-layout-9d6595d7 wp-block-columns-is-layout-flex\">\n<div class=\"wp-block-column is-layout-flow wp-block-column-is-layout-flow\" style=\"flex-basis:100%\">\n<figure class=\"wp-block-table is-style-stripes\"><table><tbody><tr><td><strong>Sez\u00f3na<\/strong><\/td><td><strong>Cena<\/strong><\/td><\/tr><tr><td><em>Leto &#8211; sez\u00f3na<\/em><\/td><td><em><strong>23 Eur<\/strong>\u00a0Osoba \/ noc<\/em><\/td><\/tr><tr><td><em>Zima &#8211; sez\u00f3na<\/em><\/td><td><em><strong>25 Eur<\/strong>\u00a0Osoba \/ noc<\/em><\/td><\/tr><tr><td><em>Silvester<\/em><\/td><td><em><strong>30 Eur<\/strong>\u00a0Osoba \/ noc<\/em>*<\/td><\/tr><tr><td><em>Ve\u013ekono\u010dn\u00fd pobyt<\/em><\/td><td><em><strong>25 Eur<\/strong>\u00a0Osoba \/ noc<\/em><\/td><\/tr><tr><td><em>Kr\u00e1tky pobyt<\/em> (1 osoba na izbe) <\/td><td><em><strong>35 Eur<\/strong>\u00a0Osoba \/ noc<\/em><\/td><\/tr><tr><td><strong>Z\u013eavy<\/strong><\/td><td>deti do 3 rokov bez l\u00f4\u017eka zadarmo<\/td><\/tr><\/tbody><\/table><\/figure>\n<\/div>\n<\/div>\n<\/div><\/div>\n\n\n\n<p><strong>* Silvester min. 4 noci \/ min. 10 os\u00f4b<\/strong><\/p>\n\n\n\n<p><strong>* Zmena ceny vyhraden\u00e1<\/strong><\/p>\n\n\n\n<p><strong>* Cena zah\u0155\u0148a:<\/strong> Wifi internet, parkovanie, rekrea\u010dn\u00fd poplatok, poste\u013e\u0148\u00e1 bielize\u0148<\/p>\n\n\n\n<p><strong>* N\u00e1stup<\/strong> na pobyt: od <strong>15:30 <\/strong>hod. ; <strong>Odchod<\/strong> z pobytu do <strong>09:30<\/strong> hod.<\/p>\n\n\n\n<p><strong>* Dlhodob\u00fd pobyt  &#8211; cena dohodou<\/strong><\/p>\n\n\n\n<p><\/p>\n","protected":false},"excerpt":{"rendered":"<p>Sez\u00f3na Cena Leto &#8211; sez\u00f3na 23 Eur\u00a0Osoba \/ noc Zima &#8211; sez\u00f3na 25 Eur\u00a0Osoba \/ noc Silvester 30 Eur\u00a0Osoba \/ noc* Ve\u013ekono\u010dn\u00fd pobyt 25 Eur\u00a0Osoba \/ noc Kr\u00e1tky pobyt (1 osoba na izbe) 35 Eur\u00a0Osoba \/ noc Z\u013eavy deti do 3 rokov bez l\u00f4\u017eka zadarmo * Silvester min. 4 noci \/ min. 10 os\u00f4b * &hellip; <\/p>\n<p class=\"link-more\"><a href=\"https:\/\/privat-dolina.sk\/index.php\/page\/\" class=\"more-link\">Continue reading<span class=\"screen-reader-text\"> &#8222;Cenn\u00edk&#8220;<\/span><\/a><\/p>\n","protected":false},"author":1,"featured_media":0,"parent":0,"menu_order":0,"comment_status":"closed","ping_status":"closed","template":"","meta":{"_regular_price":[],"currency_symbol":[],"footnotes":""},"class_list":["post-29","page","type-page","status-publish","hentry"],"post_slider_layout_featured_media_urls":{"thumbnail":"","post_slider_layout_landscape_large":"","post_slider_layout_portrait_large":"","post_slider_layout_square_large":"","post_slider_layout_landscape":"","post_slider_layout_portrait":"","post_slider_layout_square":"","full":""},"_links":{"self":[{"href":"https:\/\/privat-dolina.sk\/index.php\/wp-json\/wp\/v2\/pages\/29","targetHints":{"allow":["GET"]}}],"collection":[{"href":"https:\/\/privat-dolina.sk\/index.php\/wp-json\/wp\/v2\/pages"}],"about":[{"href":"https:\/\/privat-dolina.sk\/index.php\/wp-json\/wp\/v2\/types\/page"}],"author":[{"embeddable":true,"href":"https:\/\/privat-dolina.sk\/index.php\/wp-json\/wp\/v2\/users\/1"}],"replies":[{"embeddable":true,"href":"https:\/\/privat-dolina.sk\/index.php\/wp-json\/wp\/v2\/comments?post=29"}],"version-history":[{"count":19,"href":"https:\/\/privat-dolina.sk\/index.php\/wp-json\/wp\/v2\/pages\/29\/revisions"}],"predecessor-version":[{"id":475,"href":"https:\/\/privat-dolina.sk\/index.php\/wp-json\/wp\/v2\/pages\/29\/revisions\/475"}],"wp:attachment":[{"href":"https:\/\/privat-dolina.sk\/index.php\/wp-json\/wp\/v2\/media?parent=29"}],"curies":[{"name":"wp","href":"https:\/\/api.w.org\/{rel}","templated":true}]}}

Cenník

<div class="wp-block-group"><div class="wp-block-group__inner-container is-layout-flow wp-block-group-is-layout-flow">
<div class="wp-block-columns is-layout-flex wp-container-core-columns-is-layout-9d6595d7 wp-block-columns-is-layout-flex">
<div class="wp-block-column is-layout-flow wp-block-column-is-layout-flow" style="flex-basis:100%">
<figure class="wp-block-table is-style-stripes"><table><tbody><tr><td><strong>Sezóna</strong></td><td><strong>Cena</strong></td></tr><tr><td><em>Leto &#8211; sezóna</em></td><td><em><strong>23 Eur</strong> Osoba / noc</em></td></tr><tr><td><em>Zima &#8211; sezóna</em></td><td><em><strong>25 Eur</strong> Osoba / noc</em></td></tr><tr><td><em>Silvester</em></td><td><em><strong>30 Eur</strong> Osoba / noc</em>*</td></tr><tr><td><em>Veľkonočný pobyt</em></td><td><em><strong>25 Eur</strong> Osoba / noc</em></td></tr><tr><td><em>Krátky pobyt</em> (1 osoba na izbe) </td><td><em><strong>35 Eur</strong> Osoba / noc</em></td></tr><tr><td><strong>Zľavy</strong></td><td>deti do 3 rokov bez lôžka zadarmo</td></tr></tbody></table></figure>
</div>
</div>
</div></div>



<p><strong>* Silvester min. 4 noci / min. 10 osôb</strong></p>



<p><strong>* Zmena ceny vyhradená</strong></p>



<p><strong>* Cena zahŕňa:</strong> Wifi internet, parkovanie, rekreačný poplatok, posteľňá bielizeň</p>



<p><strong>* Nástup</strong> na pobyt: od <strong>15:30 </strong>hod. ; <strong>Odchod</strong> z pobytu do <strong>09:30</strong> hod.</p>



<p><strong>* Dlhodobý pobyt  &#8211; cena dohodou</strong></p>



<p></p>

<p>Sezóna Cena Leto &#8211; sezóna 23 Eur Osoba / noc Zima &#8211; sezóna 25 Eur Osoba / noc Silvester 30 Eur Osoba / noc* Veľkonočný pobyt 25 Eur Osoba / noc Krátky pobyt (1 osoba na izbe) 35 Eur Osoba / noc Zľavy deti do 3 rokov bez lôžka zadarmo * Silvester min. 4 noci / min. 10 osôb * &hellip; </p>
<p class="link-more"><a href="https://privat-dolina.sk/index.php/page/" class="more-link">Continue reading<span class="screen-reader-text"> &#8222;Cenník&#8220;</span></a></p>
